 - 2 + n = g. What are the prime factors of v?
11
Suppose -3*w - w + 4*r + 188 = 0, -2*w = 2*r - 106. What are the prime factors of w?
2, 5
Suppose 4*c - 891 = 305. What are the prime factors of c?
13, 23
Suppose -22 = 2*f + 4*i, -i - 10 = 5*f - 0*i. What are the prime factors of (7*(-3 + 2))/f?
7
Let f(w) be the first derivative of w**2 - 4*w + 2. Suppose -32 = -0*y - 4*y. List the prime factors of f(y).
2, 3
List the prime factors of 1457/15 - (-12)/(-90).
97
Suppose -2*u - 1 = -13. Let v(b) = b**2 + b + 1. Let i(f) = -f. Let z(d) = 6*i(d) + v(d). List the prime factors of z(u).
7
Let p = -63 - -115. What are the prime factors of p?
2, 13
Let h = 391 - 230. List the prime factors of h.
7, 23
Let w = 114 - 2. What are the prime factors of w?
2, 7
Let l = 38 + -13. List the prime factors of l.
5
Let c(l) = l**3 - 3*l**2 + 2*l. Let s be c(3). Suppose -g = -s*g + 40. What are the prime factors of g?
2
Let z(p) = -6*p - 3. Suppose 48 - 13 = -5*q. Let b be z(q). Let l = -24 + b. What are the prime factors of l?
3, 5
Let j(w) = w + 10. Let g = 8 + -2. Let h be (-16)/g*(2 + 1). What are the prime factors of j(h)?
2
Let u(r) = 3*r**2 + 5*r + 42. Let o(l) = l**2 + 3*l + 21. Let c(n) = -5*o(n) + 2*u(n). List the prime factors of c(10).
29
Let m = -143 - 83. List the prime factors of m/(-10) + 9/(-15).
2, 11
Let z(y) = 6*y + 185. List the prime factors of z(0).
5, 37
Suppose 5*l + 18 + 9 = 2*o, 5*l = -3*o + 78. What are the prime factors of o?
3, 7
Let p = 64 + -45. What are the prime factors of p?
19
Let x(c) = 113*c**3 + c**2. What are the prime factors of x(1)?
2, 3, 19
Let o(k) = -k**3 + k**2 - k + 38. List the prime factors of o(0).
2, 19
Let v(u) = 5*u + 32. List the prime factors of v(8).
2, 3
Let z(t) = -t**3 - 4*t**2 + 1. Let o be z(-4). List the prime factors of (12 - 1) + (-2)/o.
3
Let n = 11 - -29. Suppose 5*w + n = 5*b, b + 4 = -6*w + 3*w. List the prime factors of b.
5
Suppose -3*m + 8 - 2 = 0. Suppose -f + 5*c = -57, c + m*c = -2*f + 49. List the prime factors of f.
2
Let u(g) = 6*g**2 + 6*g + 1. Let j(l) = l**2 + l. Let s(d) = -11*j(d) + 2*u(d). Let n(q) = -3*q**3 + q - 1. Let z be n(1). List the prime factors of s(z).
2
Suppose -4 = 5*r + 4*n, 3*r + 0*n - 2*n - 2 = 0. Suppose -u + 10 + 0 = r. What are the prime factors of 2/(-5) - (-124)/u?
2, 3
What are the prime factors of (9/9)/((1 - 0)/78)?
2, 3, 13
Suppose -k + 70 = k. What are the prime factors of k?
5, 7
Let c(a) = -a**2 + 8. Let h(l) be the first derivative of -l**4/4 + 2*l**3/3 + 2*l**2 - 3*l - 2. Let q be h(3). List the prime factors of c(q).
2
Let t(n) = -n**3 - 4*n**2 + 7*n - 5. Let f be t(-6). Suppose 2*g - f = -3*g. What are the prime factors of g?
5
Let w(x) = x**3 + 6*x**2 - 10*x - 7. Let z be w(-7). Let o = 25 - z. List the prime factors of o.
11
Let r(a) = a**3 + 5*a**2 + 2*a - 1. Let k(i) = -i**3 - 2*i**2 + 2*i + 2. Let s be k(-3). Let u = s - 8. List the prime factors of r(u).
11
Let q be 33 + (3/1 - 4). Let l(o) = o**3 - 3*o**2 + 4. Let r be l(3). Suppose 0*f = r*f - q. List the prime factors of f.
2
Let v(j) = j - 2. Let b be v(6). Let r(x) = x**3 - 5*x**2 + 4*x + 1. Let g be r(b). What are the prime factors of g + 1 - 4 - -5?
3
Let r = -30 + 77. List the prime factors of r.
47
Suppose -2*p = f - 57, 207 = -0*f + 4*f + p. Suppose 0 = 5*a - 4*x - f, -x = -4*a - 0*x + 32. What are the prime factors of a?
7
Suppose -24 = 19*p - 11*p. Let v(j) = j**2. Let u be v(1). List the prime factors of (-6 - -23) + u*p.
2, 7
Let l = -8 - -35. What are the prime factors of l?
3
Suppose -2*o - o = q - 89, 0 = 2*o + 2*q - 66. List the prime factors of o.
2, 7
Suppose 3*a + 3*c = 84, 0 = -0*a - 4*a - 3*c + 110. List the prime factors of a.
2, 13
Let q(r) = -r**2 - 6. Let z be q(0). Let p(c) = -6 + 2 + 0*c - 2*c. What are the prime factors of p(z)?
2
Suppose -3*q = r + 4, 0 = 2*r + 3*q - 3 - 1. Let a be -4 + 1 + -1 + r. Let m(w) = w**3 - 3*w**2 + 2. List the prime factors of m(a).
2, 3
Let q(y) = -40*y - 8. List the prime factors of q(-4).
2, 19
Let t be (12/(-15))/((-2)/(-80)). Let z = t + 74. What are the prime factors of z?
2, 3, 7
Let u(z) = -z**3 + 10*z**2 + 4*z - 21. What are the prime factors of u(10)?
19
Suppose z - 4*f = 3*z - 70, -2*f = -5*z + 235. Suppose -2*k + z = -5*i, 0 = -k + 5*k + 3*i - 51. List the prime factors of k/(-3)*(-3 + 1).
2, 5
Suppose -4*w - 5*g + 0 - 5 = 0, -4*g = 4. Suppose -2*c = -w - 6. Suppose c*o - v - 19 = 0, 4*v + 0*v + 6 = -2*o. List the prime factors of o.
5
Suppose 2*f + 18 = -4*o, -2*f = o - 2*o + 3. Let q(w) = w**2 - 1. List the prime factors of q(o).
2
Suppose -w = 1 - 12. What are the prime factors of w?
11
Let o = -23 + 15. Let i = o - -69. List the prime factors of i.
61
Suppose -119 = 4*f + 3*y, -3*f - 48 = -5*y + 63. What are the prime factors of (-130)/(-4)*f/(-40)?
2, 13
Let h(z) = z**2 + z - 8 + 0*z + 7. List the prime factors of h(-4).
11
List the prime factors of 2409/9 + (-1 - (-3)/9).
3, 89
Suppose 46 = 3*r + 5*y, 0 = 5*y - 7 - 3. Suppose u = 4*u - r. Suppose 0 = u*h - 0*h - 4*f - 16, h - 8 = -3*f. What are the prime factors of h?
5
Suppose 3*i + 2*i = 1450. List the prime factors of i/15 - (-2)/3.
2, 5
Let r = 13 + -7. What are the prime factors of r?
2, 3
Let v = -6 - -10. Suppose 5*m = -f - 0*m + 5, 0 = -3*m. What are the prime factors of (-2 + f)/(v/20)?
3, 5
Suppose 4*k = -2*u + 16, 2*k + 5 = 3*k. Let i = 2 - u. Suppose 0 = -0*y - i*y + 12. List the prime factors of y.
3
Let z = -11 - -28. What are the prime factors of z?
17
Suppose s - 6*s = 0. Suppose -2*k = 3*w - 18, -3*k + 2*w = -s*k - 1. Suppose h = -2*x - 0 + 1, -17 = -k*h + x. What are the prime factors of h?
5
Let l(g) be the second derivative of -g**3/6 - 5*g**2/2 - g. Let s be l(-6). List the prime factors of 9 + (-3 - -3 - s).
2
Let w(u) = -18*u + 1. Let r = -8 - -13. Suppose 0 = -4*k + 1 - r. What are the prime factors of w(k)?
19
Suppose 2*t - 68 = -2. List the prime factors of t.
3, 11
Let l = -22 + 54. Suppose l = c + 3*c. What are the prime factors of c?
2
Suppose -2*b + 2*h + 110 = 2*b, -3*h - 15 = -b. What are the prime factors of b?
2, 3, 5
Let n(g) = 3*g + 9*g - g**2 + 7 - 6*g. List the prime factors of n(5).
2, 3
Let k be 12 - 3*(-1)/1. Let v = 46 - k. What are the prime factors of v?
31
Suppose 0*c + 2*c = 4*x, 0 = 2*c - 5*x + 5. What are the prime factors of c?
2, 5
What are the prime factors of ((-135)/30)/((-3)/16)?
2, 3
Suppose -7*s + 125 = -2*s. Suppose -s = 2*f + 5*h, -2*h + 4*h = -2*f - 10. Suppose -4*z + 4 = f, -z = -2*r + 3*z. List the prime factors of r.
2
Suppose -3*z + z = -4. Suppose -z*n + 30 = 2*q + q, n = -3*q + 9. Suppose -2*h + n = -5. What are the prime factors of h?
13
Let o = 7 + -5. Suppose -4*n = 2*y - 10 - o, -5*n + 12 = 2*y. What are the prime factors of y?
2, 3
Suppose -2*l + 5*c - 102 = 0, 10*c - 5*c = 0. Let d(u) = -u**3 + u**2 - 3*u - 4. Let r be d(3). Let z = r - l. List the prime factors of z.
2, 5
Suppose 2*w = -4*t + 552, 676 = 5*t - 3*w + 2*w. What are the prime factors of t?
2, 17
Suppose 0 = 8*i - 11*i + 4*t + 211, -2*i = -5*t - 150. List the prime factors of i.
5, 13
Suppose m = 3*m + 4. What are the prime factors of (-1 - m)*(11 - 1)?
2, 5
Let k(y) = -y**3 + y + 3. Let m(q) = q**3 - 6*q**2 + 5*q. Let o be m(5). List the prime factors of k(o).
3
Let t(p) = 4*p - 12. Let a be t(9). List the prime factors of (-66)/(-8) - 6/a.
2
Let f = 8 - 5. Suppose b + 21 = -5*m, -f*b - 4*m - 16 = -2*b. Suppose 3 - 1 = 3*c - 5*l, -b*c + 4*l = -8. What are the prime factors of c?
2
Suppose 13 = -l + 5*f, -2*l + f - 13 = -7*l. Suppose -21 = -l*j + j. Let h = j + -9. List the prime factors of h.
2, 3
Suppose -685 + 2053 = 9*b. List the prime factors of b.
2, 19
Let n = 420 + -20. List the prime factors of n.
2, 5
Let i(q) = q**2 + 2*q + 3. Let d be i(-2). Suppose d*g - 24 = -g. List the prime factors of g.
2, 3
Let p(a) = a**2 + 2*a + 3. Let i be p(-2). Let c = 4 + 2. List the prime factors of (-4)/c + 29/i.
3
Let n(b) = b + 2. Let h be (4/(-8))/(2/(-44)). Let m be n(h). Suppose m + 1 = c. List the prime factors of c.
2, 7
Suppose w + w - 138 = 0. What are the prime factors of w?
3, 23
Let b(i) = 8 + i**2 - 8*i - 2*i + 0*i**2 + 1. Let g be b(9). Suppose 2*p - 3*p = f - 11, g = 4*f - p - 24. List the prime factors of f.
7
Let z = 57 -